{"id":569,"date":"2025-05-09T16:52:46","date_gmt":"2025-05-09T16:52:46","guid":{"rendered":"https:\/\/converseclasicos.com\/?post_type=product&#038;p=569"},"modified":"2026-02-03T18:06:18","modified_gmt":"2026-02-03T18:06:18","slug":"converse-chuck-x-3","status":"publish","type":"product","link":"https:\/\/converseclasicos.com\/index.php\/producto\/converse-chuck-x-3\/","title":{"rendered":"Converse Chuck x 3"},"content":{"rendered":"<table id=\"product-attribute-specs-table\" class=\"data table additional-attributes\">\n<caption class=\"table-caption\">Caracter\u00edsticas del producto<\/caption>\n<tbody>\n<tr>\n<th class=\"col label\" scope=\"row\">Marca<\/th>\n<td class=\"col data\" data-th=\"Marca\">Converse<\/td>\n<\/tr>\n<tr>\n<th class=\"col label\" scope=\"row\">Color<\/th>\n<td class=\"col data\" data-th=\"Color\">Negro \/ Blanco<\/td>\n<\/tr>\n<tr>\n<th class=\"col label\" scope=\"row\">Art\u00edculo<\/th>\n<td class=\"col data\" data-th=\"Art\u00edculo\">A06564C<\/td>\n<\/tr>\n<tr>\n<th class=\"col label\" scope=\"row\">G\u00e9nero<\/th>\n<td class=\"col data\" data-th=\"G\u00e9nero\">Femenino<\/td>\n<\/tr>\n<tr>\n<th class=\"col label\" scope=\"row\">Deporte<\/th>\n<td class=\"col data\" data-th=\"Deporte\">Casual<\/td>\n<\/tr>\n<tr>\n<th class=\"col label\" scope=\"row\">Composici\u00f3n<\/th>\n<td class=\"col data\" data-th=\"Composici\u00f3n\">CAPELLADA ALGOD\u00d3N 100% FORRO POLI\u00c9STER 100% PLANTILLA POLI\u00c9STER 100% SUELA CAUCHO 100%<\/td>\n<\/tr>\n<tr>\n<th class=\"col label\" scope=\"row\">Pa\u00eds Origen<\/th>\n<td class=\"col data\" data-th=\"Pa\u00eds Origen\">Indonesia<\/td>\n<\/tr>\n<\/tbody>\n<\/table>\n","protected":false},"excerpt":{"rendered":"<p>Caracter\u00edsticas del producto Marca Converse Color Negro \/ Blanco Art\u00edculo A06564C G\u00e9nero Femenino Deporte Casual Composici\u00f3n CAPELLADA ALGOD\u00d3N 100% FORRO POLI\u00c9STER 100% PLANTILLA POLI\u00c9STER 100% SUELA CAUCHO 100% Pa\u00eds Origen Indonesia<\/p>\n","protected":false},"featured_media":533,"comment_status":"open","ping_status":"closed","template":"","meta":[],"product_brand":[],"product_cat":[35],"product_tag":[],"class_list":{"0":"post-569","1":"product","2":"type-product","3":"status-publish","4":"has-post-thumbnail","6":"product_cat-converse-sencilla","7":"pa_tallas-36","8":"pa_tallas-37","9":"pa_tallas-38","10":"pa_tallas-39","11":"pa_tallas-40","12":"pa_tallas-41","13":"pa_tallas-42","14":"pa_tallas-43","15":"pa_tallas-44","16":"pa_tallas-45","17":"pa_tallas-46","18":"pa_tallas-47","19":"pa_tallas-48","20":"pa_tallas-49","21":"pa_tallas-50","23":"first","24":"instock","25":"shipping-taxable","26":"purchasable","27":"product-type-variable"},"_links":{"self":[{"href":"https:\/\/converseclasicos.com\/index.php\/wp-json\/wp\/v2\/product\/569","targetHints":{"allow":["GET"]}}],"collection":[{"href":"https:\/\/converseclasicos.com\/index.php\/wp-json\/wp\/v2\/product"}],"about":[{"href":"https:\/\/converseclasicos.com\/index.php\/wp-json\/wp\/v2\/types\/product"}],"replies":[{"embeddable":true,"href":"https:\/\/converseclasicos.com\/index.php\/wp-json\/wp\/v2\/comments?post=569"}],"wp:featuredmedia":[{"embeddable":true,"href":"https:\/\/converseclasicos.com\/index.php\/wp-json\/wp\/v2\/media\/533"}],"wp:attachment":[{"href":"https:\/\/converseclasicos.com\/index.php\/wp-json\/wp\/v2\/media?parent=569"}],"wp:term":[{"taxonomy":"product_brand","embeddable":true,"href":"https:\/\/converseclasicos.com\/index.php\/wp-json\/wp\/v2\/product_brand?post=569"},{"taxonomy":"product_cat","embeddable":true,"href":"https:\/\/converseclasicos.com\/index.php\/wp-json\/wp\/v2\/product_cat?post=569"},{"taxonomy":"product_tag","embeddable":true,"href":"https:\/\/converseclasicos.com\/index.php\/wp-json\/wp\/v2\/product_tag?post=569"}],"curies":[{"name":"wp","href":"https:\/\/api.w.org\/{rel}","templated":true}]}}